when 5 is divided by g/(-8) - 26/(-8).
2
Suppose -3*v + 6 = 0, -3*k + 2*k - 14 = 3*v. Let d = k - -33. Calculate the remainder when 50 is divided by d.
11
Let v = -43 + 68. Calculate the remainder when 74 is divided by v.
24
Suppose 3*z - 3*u - 12 = 0, 3*u = 3*z + 2*u - 12. Suppose -4*g - 4 = -6*g. Suppose -g*j + 21 + 1 = 0. Calculate the remainder when j is divided by z.
3
Calculate the remainder when 91 is divided by ((-46)/(-4))/((-3)/(-6) - 0).
22
Suppose 4*v + 10 = -2*f, -4*v + 3 = -5*f + 20. What is the remainder when 9 is divided by f?
0
Let f = -69 - -83. Calculate the remainder when 65 is divided by f.
9
Let j(p) = -p**2 - 6*p + 5. Suppose -2*c - 3 - 9 = 0. Let s be j(c). Suppose 0*r - s*r + 80 = 0. What is the remainder when 30 is divided by r?
14
Suppose -n - 11 = 3*u - 1, u = n - 2. Let i = 1 - n. Suppose 0 = -i*c - 0*c + 16. Calculate the remainder when 22 is divided by c.
6
Let p(g) = 4*g**2 - 6*g - 4. Let r be p(-4). Suppose -4*h + t - 5*t = -r, 3*h = 5*t + 87. Calculate the remainder when h is divided by 5.
4
Suppose 0 = 4*j - 69 - 67. What is the remainder when j is divided by 12?
10
Let b = 0 + 1. Let x = 10 + b. Suppose r = -r + 42. What is the remainder when r is divided by x?
10
Let j = 3 - 3. Suppose j*n + 5*n = -115. Let t = n + 51. What is the remainder when t is divided by 10?
8
Let a = 35 + -17. Suppose -28 = -5*k + c - 2*c, k - 20 = -5*c. What is the remainder when a is divided by k?
3
Let n = 92 - 85. What is the remainder when 20 is divided by n?
6
Let s(x) = -2*x**3 - 4*x**2 - 4*x + 1. Calculate the remainder when 59 is divided by s(-3).
28
Let z = 0 + 4. Suppose 0*i = -4*i - 4*c - z, -i = 3*c - 7. Calculate the remainder when (-12)/i - 4/10 is divided by 1.
0
Let v(n) = n + n**2 - 1 + n + n**2 + 0*n**2. Let g be v(-2). Suppose 27 = g*r - 9. Calculate the remainder when 45 is divided by r.
9
Let w(v) = -v**3 + 5*v**2 + 8*v - 4. Let y be w(5). Suppose -6*t + 2*t = -y. What is the remainder when t is divided by 3?
0
Let c = -20 + 41. Let s(p) = p**2 + 12*p - 1. What is the remainder when c is divided by s(-13)?
9
Let l(j) = j**3 + 3*j**2 + 3*j + 1. Calculate the remainder when l(4) is divided by 32.
29
Let l(n) = -5*n + 26. Calculate the remainder when l(0) is divided by 9.
8
Suppose 2*w - 9 + 3 = 0. Suppose -4*a + 0*d + d = -17, 0 = -4*a - w*d + 29. What is the remainder when 12 is divided by a?
2
Suppose -3*g + 4*a + 8 = 0, g - 3*a = -g + 5. What is the remainder when (-2 + -1)*6/(-9) is divided by -3*(g/(-6))/2?
0
Suppose 3*b - 7*b + 566 = r, -3*r = 3*b - 420. What is the remainder when b is divided by 36?
34
Let x = -11 + 31. What is the remainder when x is divided by 6?
2
Suppose -15 = 4*l - 9*l. Suppose l*z - 91 + 25 = 0. What is the remainder when 65 is divided by z?
21
Let i(u) = 2*u**2 + 4*u + 2. Let l be i(-2). Suppose l*f - 1 = 3. Suppose -d + 3*a = 8*a + 19, -f*a - 40 = -5*d. Calculate the remainder when d is divided by 4.
2
Suppose x + 24 = 46. What is the remainder when 42 is divided by x?
20
Suppose -5*b = -125 + 35. Suppose 10*t - 106 + 6 = 0. Calculate the remainder when b is divided by t.
8
Let a(p) = -p**2 + 10*p + 14. Let r be a(11). Suppose -r*c + 75 = -0*c. Calculate the remainder when c is divided by 14.
11
Suppose 1 - 13 = -4*s. Suppose 30 = s*v + 2*v. Suppose -3*j + v = -3. Calculate the remainder when j is divided by 2.
1
Suppose -4*z + 7 = 5*k - 0, 3*z = -6. Let b = k + 5. Suppose 0 = -3*f + 4*v + 27, -3*f + v = 3*v - 9. Calculate the remainder when b is divided by f.
3
Let g(j) = j**3 - 4*j**2 + 4*j + 4. Suppose 0 = 5*t - 25 - 30. Calculate the remainder when g(4) is divided by t.
9
Let a(x) = -x - 1 + 5 + 0. Suppose -d = 3*c + 24, 4*c - 5*c = 2*d + 23. What is the remainder when 25 is divided by a(d)?
12
Suppose -2*r + 0*r + 102 = 0. Suppose -y = l - 15, -2*y = l - 6*l + 96. What is the remainder when r is divided by l?
15
Let i(q) = -q**3 + 9*q**2 - 8*q + 2. Let v be i(8). Suppose v*j = 5*j + k - 44, -25 = -5*k. Calculate the remainder when 22 is divided by j.
9
Suppose 5*p - 43 = 2. Let y(h) = h - 6. Let f be y(p). Suppose 0*d - f*v - 48 = -3*d, -4*v = 12. What is the remainder when 25 is divided by d?
12
Let d = 2 - -4. What is the remainder when 9 + -1 - (-3 - -1) is divided by d?
4
What is the remainder when (146/3)/(52/(-12) - -5) is divided by 19?
16
Suppose -t + 0*t - 205 = -3*b, -b + 3*t = -55. Suppose 3*r = 4*r - 18. Calculate the remainder when b is divided by r.
16
Let s = 30 + -3. What is the remainder when 106 is divided by s?
25
Suppose 8*p - 520 = -184. What is the remainder when p is divided by 22?
20
Let k = 55 - 39. Calculate the remainder when 61 is divided by k.
13
Suppose 44 = 3*t - 1. Let q(a) = a**3 + 6*a**2 - 7*a + 8. Calculate the remainder when t is divided by q(-7).
7
Let h(o) = o - 4. Let r(b) = -b + 5. Let c(j) = 5*h(j) + 6*r(j). Let m = 12 + -12. What is the remainder when 19 is divided by c(m)?
9
What is the remainder when (8/(-2) + 0)/(16/(-296)) is divided by 19?
17
Let c = -9 - -15. What is the remainder when c is divided by 3?
0
Let c(h) = -2*h + 1. Let r be c(-1). Suppose 3*z - 6 = -r*s + 18, 5*z = 20. Suppose -s*p + 155 = p. What is the remainder when p is divided by 11?
9
Suppose -f + 11 = 2*u, 3*u = -5*f + 3*f + 15. Suppose -3*h + u = -2*h. Let w(o) = -3*o**3 - 4*o**2 - o + 2. Calculate the remainder when w(-2) is divided by h.
5
Suppose -z = -2*u - 4*z, 3*z = -3*u + 6. Suppose 0 = -u*r + r - 45. Calculate the remainder when 11 is divided by (-20)/(-6) - 6/r.
3
Suppose -2*j = j - 6. Suppose -4*f = -9*f - j*c + 122, 3*f - 3*c = 69. Let d = 14 + -1. Calculate the remainder when f is divided by d.
11
Suppose 6 = 4*q - q. Suppose -3*x = -q*x. Suppose 4 = -2*p + 4*f, 2*p = -x*p - 2*f + 26. Calculate the remainder when 22 is divided by p.
6
Let q = -22 + 31. Calculate the remainder when 24 is divided by q.
6
Let t(l) = l**3 - 2*l**2 + 3*l. Let h be t(2). Suppose -3*s + 2*w - 3 - h = 0, 5*s - w + 22 = 0. Let y = s + 12. What is the remainder when 19 is divided by y?
5
Let a = 1 + 2. Let w = a - -12. Let t = w - -12. What is the remainder when t is divided by 14?
13
Let d = 28 + 12. Suppose -21*v = -25*v + d. What is the remainder when 29 is divided by v?
9
Suppose -11 = g - 5*i, 0 = g - i - 11 + 2. Let p = g - 13. Calculate the remainder when 1 is divided by p.
0
Let r = 198 + -182. Let s = 217 - 154. What is the remainder when s is divided by r?
15
Let w(b) = b**2 - 2*b + 1. Let d be 39/18 - (-2)/(-12). Suppose f = h - d, 3*f - h - 19 = -3*h. What is the remainder when w(f) is divided by 3?
1
Let w(p) = p**3 + p**2. Let q(k) = 20*k**3 - k**2 + k - 1. Let s(h) = q(h) + w(h). Calculate the remainder when s(1) is divided by 12.
9
Suppose 108 + 180 = 4*j. What is the remainder when j is divided by 27?
18
Let i(d) = -d**2 - 15*d - 10. Calculate the remainder when 29 is divided by i(-13).
13
Suppose 0*x = -5*x + 305. Let u(s) = 2*s**3 - s**2 + s + 2. Calculate the remainder when x is divided by u(2).
13
Let x = -82 - -87. Let q(m) = 6*m**2. What is the remainder when q(-2) is divided by x?
4
Suppose 2*y - 5*y = q - 25, -2*q + 14 = -3*y. Calculate the remainder when 37 is divided by q.
11
Suppose 105 = z + 2*z. What is the remainder when z is divided by 6?
5
Suppose -d = 2 - 6. Calculate the remainder when d is divided by 2.
0
Suppose 0 = 3*n + 4 - 34. Calculate the remainder when 49 is divided by n.
9
What is the remainder when 66 is divided by 147/14*(-4)/(-3)?
10
Suppose 3*p - 18 = -3*f, -5*f + 4*p + 24 = -f. Calculate the remainder when 206/10 + (-6)/(-15) is divided by f.
3
Suppose -7*r + 2*r = 0. Suppose r = -4*d - 8, -2*b - 3*d - 4 = -22. Calculate the remainder when b is divided by 7.
5
Suppose 5*c - 72 = c. Calculate the remainder when (-1 + -27)*5/(-2) is divided by c.
16
Let k = 13 - -7. Calculate the remainder when 29 is divided by (-6)/(-10) + 188/k.
9
Let w(x) = -x**2 - 6*x - 3. Let z be (0 - 0) + -5*1. Calculate the remainder when (-3)/(-2) + 63/42 is divided by w(z).
1
Suppose 5*n = -q + 8 - 0, -4*n = -4*q + 8. What is the remainder when 2 is divided by n?
0
What is the remainder when 3/(6/(-2)) - -51 is divided by 13?
11
Suppose 3*b - 3*k = -9 + 3, 5*b - 3*k + 2 = 0. What is the remainder when 7 is divided by b?
1
Suppose -59 = -7*n + 32. 